4*n - 220. What is g(-8)?
4
Let z(j) = -j**3 + 22*j**2 - 40*j - 473. Give z(18).
103
Let b(h) = -h**3 - 2*h**2 - h + 1. Give b(-3).
13
Let j(a) = 23*a**2 + 690*a + 1. Give j(-30).
1
Let s(v) = -21*v**2 + 201*v - 13. Calculate s(10).
-103
Let f(o) = -369*o + 1411. What is f(4)?
-65
Let k(o) = 4*o**2 + 480*o + 1395. What is k(-3)?
-9
Let h(l) = l**3 - 51*l**2 + 9*l - 583. Determine h(51).
-124
Let s(g) = 28*g - 748. Give s(8).
-524
Let f(b) = -18*b - 117. Calculate f(-5).
-27
Let o(p) = -p**3 + 54*p**2 + 572*p - 322. What is o(63)?
-7
Let y(u) = u**2 + 31*u + 130. Determine y(-26).
0
Let k(s) = s**2 + 41*s + 226. What is k(-6)?
16
Let n(c) = -27*c**2 - c - 1. Calculate n(-1).
-27
Let k(q) = 7*q**3 - 152*q**2 - 47*q + 53. Calculate k(22).
-13
Let m(v) = -343*v - 4770. Give m(-14).
32
Let s(o) = -11*o + 1729. Calculate s(155).
24
Let c(z) = -45*z - 707. Determine c(-16).
13
Let p(r) = 6*r**2 - 1355*r + 10243. Calculate p(218).
-3
Let i(y) = -y**3 + 68*y**2 + 290*y - 154. Give i(72).
-10
Let p(o) = -15*o**2 + 2*o - 27. Determine p(-4).
-275
Let r(m) = -m**3 - 17*m**2 + 15*m - 55. Calculate r(-18).
-1
Let x(c) = c**2 + c - 8. Give x(-6).
22
Let p(d) = 303*d**2 + 618*d + 33. Determine p(-2).
9
Let a(p) = p**3 - 20*p**2 + 87*p + 78. Determine a(7).
50
Let i(r) = -41*r + 1057. Give i(26).
-9
Let x(s) = s**2 - 187*s - 3461. Determine x(-17).
7
Let d(p) = -8*p**2 - 298*p - 58. Calculate d(-37).
16
Let i(s) = -17*s**2 - 304*s - 265. Give i(-17).
-10
Let d(t) = -164*t + 4430. Determine d(27).
2
Let j(a) = -a**3 - 9*a**2 - 17*a - 91. Calculate j(-8).
-19
Let y(c) = -c**3 + 15*c**2 + 3*c - 40. Calculate y(15).
5
Let p(b) = b**3 - 51*b**2 + 49*b + 71. What is p(50)?
21
Let g(q) = -47*q + 420. What is g(9)?
-3
Let a(l) = 12*l**3 + 3*l**2 + 3*l + 1. What is a(-1)?
-11
Let r(c) = 1361*c + 1362. Calculate r(-1).
1
Let p(n) = n**2 - 30*n + 106. Calculate p(6).
-38
Let d(m) = m**3 + 36*m**2 + 333*m + 22. What is d(-19)?
-168
Let j(h) = -h**2 - 110*h + 1194. Calculate j(10).
-6
Let k(c) = 2*c**3 + 9*c**2 + 2*c - 26. Give k(-5).
-61
Let r(i) = -11*i**2 - i + 14. Calculate r(-3).
-82
Let k(b) = 6*b**2 - 266*b + 1053. Calculate k(4).
85
Let l(o) = 3*o**3 + 9*o**2 + 6*o - 28. Calculate l(-4).
-100
Let b(f) = 683*f + 8890. Give b(-13).
11
Let i(m) = -31*m + 90. Determine i(4).
-34
Let g(x) = -3*x**3 + 29*x**2 + 913*x + 160. What is g(23)?
-1
Let k(q) = -4*q**2 + 88*q - 64. Give k(21).
20
Let i(y) = y**2 - 2*y - 148. Calculate i(-11).
-5
Let a(u) = -u**2 - 15*u - 39. Give a(-7).
17
Let b(c) = 2*c**2 - 895*c + 3560. Determine b(4).
12
Let f(u) = 227*u - 109. Calculate f(0).
-109
Let l(s) = -4*s**3 - 3*s**2 - 7*s - 2. What is l(-1)?
6
Let o(h) = h**3 - 33*h**2 + 29*h + 109. What is o(32)?
13
Let d(c) = 3630*c + 5. Calculate d(0).
5
Let m(j) = -3*j**3 + 2*j**2 + 4*j - 8. What is m(1)?
-5
Let w(a) = 12*a**3 + 72*a**2 - 10*a - 56. What is w(-6)?
4
Let k(l) = l**2 - 69*l + 537. Calculate k(9).
-3
Let k(x) = 7*x + 18. Determine k(3).
39
Let c(h) = -h**3 + 24*h**2 + 24*h + 85. Give c(25).
60
Let b(i) = -2*i**3 - 75*i**2 - 36*i + 49. Calculate b(-37).
12
Let u(q) = -31*q**2 - 48*q - 97. Give u(-2).
-125
Let a(t) = t**3 + 4394*t**2 + 13173*t + 5. Determine a(-3).
5
Let q(a) = 4*a**2 - 159*a + 115. Calculate q(39).
-2
Let q(p) = 4*p**3 - 371*p**2 - 93*p - 123. What is q(93)?
-123
Let p(a) = -a**3 - 20*a**2 - 31*a + 52. Calculate p(-16).
-476
Let z(q) = -q**3 - 14*q**2 + 23*q + 53. Give z(-15).
-67
Let i(l) = -l**2 - 46*l + 6523. What is i(61)?
-4
Let a(d) = -d**3 - 44*d**2 - 230*d - 68. Determine a(-38).
8
Let u(s) = -7*s**2 - 5*s - 15. What is u(-3)?
-63
Let p(h) = 29*h + 199. Give p(-7).
-4
Let o(g) = 2381*g + 52385. Calculate o(-22).
3
Let t(c) = 184*c - 1100. Calculate t(6).
4
Let n(a) = -a**3 - 19*a**2 - 34*a - 38. What is n(-17)?
-38
Let r(g) = 7*g**3 + 3*g**2 + 5*g + 27. What is r(-3)?
-150
Let f(a) = 28*a - 149. Give f(5).
-9
Let t(x) = -3*x**3 + 3*x**2 - 6*x + 27. Determine t(3).
-45
Let s(n) = 44*n - 19. Calculate s(2).
69
Let q(s) = -s**3 + 5*s**2 + 17*s + 15. Give q(8).
-41
Let y(g) = -298*g + 8264. Determine y(28).
-80
Let d(o) = 31*o + 307. Calculate d(-18).
-251
Let a(y) = 6463*y + 6470. Calculate a(-1).
7
Let x(o) = -o**2 + 4*o + 39. What is x(20)?
-281
Let i(m) = m**2 - 38*m + 252. What is i(24)?
-84
Let o(h) = 6766*h + 33839. Give o(-5).
9
Let u(b) = -b**3 + 2*b**2 + 10*b - 10. Give u(-5).
115
Let a(z) = -3*z**2 + 14*z - 47. Give a(5).
-52
Let f(a) = a**3 - 5*a**2 - 5*a + 6. Determine f(6).
12
Let q(o) = 8*o**2 + 2*o + 13. What is q(4)?
149
Let y(w) = -w**3 + 77*w**2 - 615*w + 32. Calculate y(9).
5
Let g(c) = -238*c - 2127. Determine g(-9).
15
Let a(m) = -9*m**2 - 5037*m + 5037. What is a(1)?
-9
Let t(k) = -k**3 + 41*k**2 + 229*k + 37. Determine t(46).
-9
Let q(w) = -45*w + 671. Determine q(14).
41
Let m(f) = -6665*f + 133296. What is m(20)?
-4
Let u(s) = -643*s**2 + 14*s - 2. Calculate u(-1).
-659
Let q(x) = -x**3 + x**2 - 8*x + 15. What is q(0)?
15
Let y(h) = -h**3 + h**2 + 2*h - 16. Determine y(-4).
56
Let q(d) = 2*d**2 + 86*d - 48. Determine q(7).
652
Let x(q) = 2007*q + 4060. What is x(-2)?
46
Let v(r) = 10*r**2 + 124*r + 1119. What is v(-9)?
813
Let s(w) = w**3 - 144*w**2 + 418*w + 712. What is s(141)?
7
Let d(v) = -v**2 + 225*v + 5425. Determine d(-22).
-9
Let v(j) = -38*j**3 + 60*j**2 - 2*j - 2. Determine v(1).
18
Let v(x) = x**3 - 11*x**2 + 20*x - 68. What is v(10)?
32
Let v(q) = 189*q + 3987. Calculate v(-21).
18
Let x(s) = -4*s**3 - 21*s**2 - 19*s - 22. What is x(-4)?
-26
Let u(t) = t**2 - 53*t + 635. What is u(18)?
5
Let h(f) = -5*f**2 - 34*f + 67. What is h(3)?
-80
Let j(k) = 40*k - 235. Determine j(0).
-235
Let x(q) = 780*q + 3139. Calculate x(-4).
19
Let k(l) = -18*l**2 - 2560*l - 573. Determine k(-142).
-5
Let s(l) = -l**2 - 26*l - 108. Determine s(-6).
12
Let i(l) = -23*l**2 + 91*l - 5. What is i(4)?
-9
Let i(p) = -p**3 + 38*p**2 - 66*p - 208. Calculate i(36).
8
Let p(b) = -15*b - 702. Calculate p(-49).
33
Let a(d) = 1939*d - 1937. Calculate a(1).
2
Let j(r) = -922*r + 36001. Give j(39).
43
Let h(p) = 22*p**2 - 53*p + 274. What is h(7)?
981
Let c(s) = 154*s + 25715. Give c(-167).
-3
Let o(a) = -8*a + 46. What is o(-13)?
150
Let z(i) = 4124*i - 32995. What is z(8)?
-3
Let k(u) = 13*u - 48. Determine k(8).
56
Let l(x) = x**3 + 16*x**2 - 15*x - 40. Calculate l(-17).
-74
Let p(d) = -2*d**2 - 72*d - 302. Calculate p(-36).
-302
Let g(r) = 380*r + 4172. What is g(-11)?
-8
Let v(r) = r**2 + 84*r + 1748. Give v(-45).
-7
Let p(f) = -f**3 + 8*f**2 - 2*f - 145. Give p(6).
-85
Let w(c) = -c**2 - 521*c + 8537. Give w(16).
-55
Let d(y) = y**3 + 9*y**2 - 33*y + 30. Give d(-12).
-6
Let k(p) = 5*p**2 - 46*p - 21. Determine k(7).
-98
Let v(z) = 34*z**2 + 117*z + 59. What is v(-3)?
14
Let s(f) = 972*f + 14573. Calculate s(-15).
-7
Let b(l) = 6*l**2 + 318*l + 69. Calculate b(-52).
-243
Let t(z) = -43*z**2 - 2538*z - 109. Calculate t(-59).
-50
Let d(n) = -n**3 + 13*n**2 - 37*n - 7. What is d(8)?
17
Let s(m) = -m**3 - 14*m**2 + 13*m - 12. Give s(-16).
292
Let n(o) = 58*o - 1955. Calculate n(34).
17
Let z(w) = w**2 + 105*w + 1037. Give z(-94).
3
Let u(v) = 2*v**2 + 64*v + 449. Calculate u(-11).
-13
Let n(j) = 9*j**2 + 22*j. Give n(-4).
56
Let c(r) = -10*r - 1253. Determine c(-125).
-3
Let d(v) = v**3 - 3*v**2 - 349*v + 1419. What is d(4)?
39
Let k(r) = r**3 - 7*r**2 + 42*r - 125. Determine k(4).
-5
Let h(g) = 60*g + 3420. Determine h(-57).
0
Let j(c) = 2*c**2 + 72*c + 49. Calculate j(-35).
-21
Let d(u) = 242*u + 610. What is d(-3)?
-116
Let x(t) = -t**2 - 182*t - 3525. Give x(-22).
-5
Let x(n) = n**2 + 34*n + 27. What is x(-30)?
-93
Let i(q) = q**3 - 29*q + 76. What is i(3)?
16
Let q(j) = 207*j - 1304. Calculate q(6).
-62
Let a(y) = -435*y - 3478. Determine a(-8).
2
Let m(y) = -y**3 + 38*y**2 - 148*y - 582. Calculate m(33).
-21
Let j(t) = t**2 + 222*t + 3071. Calculate j(-14).
159
Let p(q) = 3*q**3 + 273*q**2 - 274*q + 182. Calculate p(-92).
-2
Let z(v) = v**3 + 12*v**2 - 31*v - 170. What is z(-12)?
202
Let c(b) = b**2 - 154*b + 5848. What is c(68)?
0
Let b(x) = -x**3 + 15*x**2 + 3*x + 154. Give b(16).
-54
Let q(i) = 867*i + 855. Calculate q(-1).
-12
Let h(y) = 63*y - 6550. Determine h(104).
2
Let l(d) = 228*d + 881. Calculate l(-4).
-31
Let w(z) = -16*z + 94. Determ